{"id":2717,"date":"2024-09-27T10:52:06","date_gmt":"2024-09-27T07:52:06","guid":{"rendered":"https:\/\/www.dentaglobal.com\/hekimler\/dr-dt-nazli-ulusoy\/"},"modified":"2024-10-15T13:09:11","modified_gmt":"2024-10-15T10:09:11","slug":"dds-phd-nazli-ulusoy","status":"publish","type":"hekimler","link":"https:\/\/www.dentaglobal.com.tr\/de\/hekimler\/dds-phd-nazli-ulusoy\/","title":{"rendered":"DDS. PhD. Nazl\u0131 Ulusoy"},"content":{"rendered":"\n<h3 class=\"wp-block-heading\">Ausbildungszustand<\/h3>\n\n\n\n<ul class=\"wp-block-list\">\n<li>2004-2009 Zahnmedizinische Fakult\u00e4t der Ege Universit\u00e4t<\/li>\n\n\n\n<li>2012-2017 Fachbereich f\u00fcr Kieferorthop\u00e4die der Zahnmedizinischen Fakult\u00e4t der \u0130zmir K\u00e2tip \u00c7elebi Universit\u00e4t<\/li>\n<\/ul>\n\n\n\n<h3 class=\"wp-block-heading\">Berufliche Erfahrungen<\/h3>\n\n\n\n<ul class=\"wp-block-list\">\n<li>2009-2010 Buca Private Poliklinik<\/li>\n\n\n\n<li>2010-2012 Dental Private Klinik<\/li>\n\n\n\n<li>2012-2017 Fachbereich f\u00fcr Kieferorthop\u00e4die der Zahnmedizinischen Fakult\u00e4t der \u0130zmir K\u00e2tip \u00c7elebi Universit\u00e4t<\/li>\n\n\n\n<li>2017 - Dentaglobal Poliklinik f\u00fcr Mund- und Zahngesundheit, \u0130zmir<\/li>\n<\/ul>\n\n\n\n<h3 class=\"wp-block-heading\">Internationale Ver\u00f6ffentlichungen<\/h3>\n\n\n\n<ul class=\"wp-block-list\">\n<li>Selcuk Savas, Nazli Candabakoglu, Ebru Kucukyilmaz , \u0130lknur Veli. Management of incomplete transposition of mandibular lateral incisor using removable appliances: Two case reports. Journal of Pediatric Dentistry. 2014;2(3):105-109.<\/li>\n\n\n\n<li>Asl\u0131 Baysal, Seher Nazl\u0131 Ulusoy, Tancan Uysal. Evaluation of enamel demineralization in adolescents after rapid maxillary expansion using the quantitative light-induced fluorescence method: A single-center, randomized controlled clinical trial. 2016;150(5):731-739.<\/li>\n<\/ul>\n","protected":false},"featured_media":858,"template":"","class_list":["post-2717","hekimler","type-hekimler","status-publish","has-post-thumbnail","hentry"],"yoast_head":"<!-- This site is optimized with the Yoast SEO Premium plugin v24.1 (Yoast SEO v27.5) - https:\/\/yoast.com\/product\/yoast-seo-premium-wordpress\/ -->\n<title>DDS. PhD. Nazl\u0131 Ulusoy - Dentaglobal<\/title>\n<meta name=\"description\" content=\"Ausbildungszustand 2004-2009 Zahnmedizinische Fakult\u00e4t der Ege Universit\u00e4t 2012-2017 Fachbereich f\u00fcr Kieferorthop\u00e4die der Zahnmedizinischen Fakult\u00e4t der\" \/>\n<meta name=\"robots\" content=\"index, follow, max-snippet:-1, max-image-preview:large, max-video-preview:-1\" \/>\n<link rel=\"canonical\" href=\"https:\/\/www.dentaglobal.com.tr\/de\/hekimler\/dds-phd-nazli-ulusoy\/\" \/>\n<meta property=\"og:locale\" content=\"de_DE\" \/>\n<meta property=\"og:type\" content=\"article\" \/>\n<meta property=\"og:title\" content=\"DDS. PhD. Nazl\u0131 Ulusoy\" \/>\n<meta property=\"og:description\" content=\"Ausbildungszustand 2004-2009 Zahnmedizinische Fakult\u00e4t der Ege Universit\u00e4t 2012-2017 Fachbereich f\u00fcr Kieferorthop\u00e4die der Zahnmedizinischen Fakult\u00e4t der\" \/>\n<meta property=\"og:url\" content=\"https:\/\/www.dentaglobal.com.tr\/de\/hekimler\/dds-phd-nazli-ulusoy\/\" \/>\n<meta property=\"og:site_name\" content=\"Dentaglobal\" \/>\n<meta property=\"article:modified_time\" content=\"2024-10-15T10:09:11+00:00\" \/>\n<meta property=\"og:image\" content=\"https:\/\/www.dentaglobal.com.tr\/wp-content\/uploads\/2024\/09\/nazli-ulusoy-ortodonti-uzmani_abd90.jpg\" \/>\n\t<meta property=\"og:image:width\" content=\"667\" \/>\n\t<meta property=\"og:image:height\" content=\"1000\" \/>\n\t<meta property=\"og:image:type\" content=\"image\/jpeg\" \/>\n<meta name=\"twitter:card\" content=\"summary_large_image\" \/>\n<meta name=\"twitter:label1\" content=\"Gesch\u00e4tzte Lesezeit\" \/>\n\t<meta name=\"twitter:data1\" content=\"1\u00a0Minute\" \/>\n<script type=\"application\/ld+json\" class=\"yoast-schema-graph\">{\"@context\":\"https:\\\/\\\/schema.org\",\"@graph\":[{\"@type\":\"WebPage\",\"@id\":\"https:\\\/\\\/www.dentaglobal.com.tr\\\/de\\\/hekimler\\\/dds-phd-nazli-ulusoy\\\/\",\"url\":\"https:\\\/\\\/www.dentaglobal.com.tr\\\/de\\\/hekimler\\\/dds-phd-nazli-ulusoy\\\/\",\"name\":\"DDS. PhD. Nazl\u0131 Ulusoy - Dentaglobal\",\"isPartOf\":{\"@id\":\"https:\\\/\\\/www.dentaglobal.com.tr\\\/de\\\/#website\"},\"primaryImageOfPage\":{\"@id\":\"https:\\\/\\\/www.dentaglobal.com.tr\\\/de\\\/hekimler\\\/dds-phd-nazli-ulusoy\\\/#primaryimage\"},\"image\":{\"@id\":\"https:\\\/\\\/www.dentaglobal.com.tr\\\/de\\\/hekimler\\\/dds-phd-nazli-ulusoy\\\/#primaryimage\"},\"thumbnailUrl\":\"https:\\\/\\\/www.dentaglobal.com.tr\\\/wp-content\\\/uploads\\\/2024\\\/09\\\/nazli-ulusoy-ortodonti-uzmani_abd90.jpg\",\"datePublished\":\"2024-09-27T07:52:06+00:00\",\"dateModified\":\"2024-10-15T10:09:11+00:00\",\"description\":\"Ausbildungszustand 2004-2009 Zahnmedizinische Fakult\u00e4t der Ege Universit\u00e4t 2012-2017 Fachbereich f\u00fcr Kieferorthop\u00e4die der Zahnmedizinischen Fakult\u00e4t der\",\"breadcrumb\":{\"@id\":\"https:\\\/\\\/www.dentaglobal.com.tr\\\/de\\\/hekimler\\\/dds-phd-nazli-ulusoy\\\/#breadcrumb\"},\"inLanguage\":\"de\",\"potentialAction\":[{\"@type\":\"ReadAction\",\"target\":[\"https:\\\/\\\/www.dentaglobal.com.tr\\\/de\\\/hekimler\\\/dds-phd-nazli-ulusoy\\\/\"]}]},{\"@type\":\"ImageObject\",\"inLanguage\":\"de\",\"@id\":\"https:\\\/\\\/www.dentaglobal.com.tr\\\/de\\\/hekimler\\\/dds-phd-nazli-ulusoy\\\/#primaryimage\",\"url\":\"https:\\\/\\\/www.dentaglobal.com.tr\\\/wp-content\\\/uploads\\\/2024\\\/09\\\/nazli-ulusoy-ortodonti-uzmani_abd90.jpg\",\"contentUrl\":\"https:\\\/\\\/www.dentaglobal.com.tr\\\/wp-content\\\/uploads\\\/2024\\\/09\\\/nazli-ulusoy-ortodonti-uzmani_abd90.jpg\",\"width\":667,\"height\":1000},{\"@type\":\"BreadcrumbList\",\"@id\":\"https:\\\/\\\/www.dentaglobal.com.tr\\\/de\\\/hekimler\\\/dds-phd-nazli-ulusoy\\\/#breadcrumb\",\"itemListElement\":[{\"@type\":\"ListItem\",\"position\":1,\"name\":\"Anasayfa\",\"item\":\"https:\\\/\\\/www.dentaglobal.com.tr\\\/de\\\/\"},{\"@type\":\"ListItem\",\"position\":2,\"name\":\"DDS. PhD. Nazl\u0131 Ulusoy\"}]},{\"@type\":\"WebSite\",\"@id\":\"https:\\\/\\\/www.dentaglobal.com.tr\\\/de\\\/#website\",\"url\":\"https:\\\/\\\/www.dentaglobal.com.tr\\\/de\\\/\",\"name\":\"Dentaglobal\",\"description\":\"\",\"publisher\":{\"@id\":\"https:\\\/\\\/www.dentaglobal.com.tr\\\/de\\\/#organization\"},\"potentialAction\":[{\"@type\":\"SearchAction\",\"target\":{\"@type\":\"EntryPoint\",\"urlTemplate\":\"https:\\\/\\\/www.dentaglobal.com.tr\\\/de\\\/?s={search_term_string}\"},\"query-input\":{\"@type\":\"PropertyValueSpecification\",\"valueRequired\":true,\"valueName\":\"search_term_string\"}}],\"inLanguage\":\"de\"},{\"@type\":\"Organization\",\"@id\":\"https:\\\/\\\/www.dentaglobal.com.tr\\\/de\\\/#organization\",\"name\":\"Dentaglobal\",\"url\":\"https:\\\/\\\/www.dentaglobal.com.tr\\\/de\\\/\",\"logo\":{\"@type\":\"ImageObject\",\"inLanguage\":\"de\",\"@id\":\"https:\\\/\\\/www.dentaglobal.com.tr\\\/de\\\/#\\\/schema\\\/logo\\\/image\\\/\",\"url\":\"https:\\\/\\\/www.dentaglobal.com\\\/wp-content\\\/uploads\\\/2024\\\/10\\\/logo-en.png\",\"contentUrl\":\"https:\\\/\\\/www.dentaglobal.com\\\/wp-content\\\/uploads\\\/2024\\\/10\\\/logo-en.png\",\"width\":343,\"height\":73,\"caption\":\"Dentaglobal\"},\"image\":{\"@id\":\"https:\\\/\\\/www.dentaglobal.com.tr\\\/de\\\/#\\\/schema\\\/logo\\\/image\\\/\"}}]}<\/script>\n<!-- \/ Yoast SEO Premium plugin. -->","yoast_head_json":{"title":"DDS. PhD. Nazl\u0131 Ulusoy - Dentaglobal","description":"Ausbildungszustand 2004-2009 Zahnmedizinische Fakult\u00e4t der Ege Universit\u00e4t 2012-2017 Fachbereich f\u00fcr Kieferorthop\u00e4die der Zahnmedizinischen Fakult\u00e4t der","robots":{"index":"index","follow":"follow","max-snippet":"max-snippet:-1","max-image-preview":"max-image-preview:large","max-video-preview":"max-video-preview:-1"},"canonical":"https:\/\/www.dentaglobal.com.tr\/de\/hekimler\/dds-phd-nazli-ulusoy\/","og_locale":"de_DE","og_type":"article","og_title":"DDS. PhD. Nazl\u0131 Ulusoy","og_description":"Ausbildungszustand 2004-2009 Zahnmedizinische Fakult\u00e4t der Ege Universit\u00e4t 2012-2017 Fachbereich f\u00fcr Kieferorthop\u00e4die der Zahnmedizinischen Fakult\u00e4t der","og_url":"https:\/\/www.dentaglobal.com.tr\/de\/hekimler\/dds-phd-nazli-ulusoy\/","og_site_name":"Dentaglobal","article_modified_time":"2024-10-15T10:09:11+00:00","og_image":[{"width":667,"height":1000,"url":"https:\/\/www.dentaglobal.com.tr\/wp-content\/uploads\/2024\/09\/nazli-ulusoy-ortodonti-uzmani_abd90.jpg","type":"image\/jpeg"}],"twitter_card":"summary_large_image","twitter_misc":{"Gesch\u00e4tzte Lesezeit":"1\u00a0Minute"},"schema":{"@context":"https:\/\/schema.org","@graph":[{"@type":"WebPage","@id":"https:\/\/www.dentaglobal.com.tr\/de\/hekimler\/dds-phd-nazli-ulusoy\/","url":"https:\/\/www.dentaglobal.com.tr\/de\/hekimler\/dds-phd-nazli-ulusoy\/","name":"DDS. PhD. Nazl\u0131 Ulusoy - Dentaglobal","isPartOf":{"@id":"https:\/\/www.dentaglobal.com.tr\/de\/#website"},"primaryImageOfPage":{"@id":"https:\/\/www.dentaglobal.com.tr\/de\/hekimler\/dds-phd-nazli-ulusoy\/#primaryimage"},"image":{"@id":"https:\/\/www.dentaglobal.com.tr\/de\/hekimler\/dds-phd-nazli-ulusoy\/#primaryimage"},"thumbnailUrl":"https:\/\/www.dentaglobal.com.tr\/wp-content\/uploads\/2024\/09\/nazli-ulusoy-ortodonti-uzmani_abd90.jpg","datePublished":"2024-09-27T07:52:06+00:00","dateModified":"2024-10-15T10:09:11+00:00","description":"Ausbildungszustand 2004-2009 Zahnmedizinische Fakult\u00e4t der Ege Universit\u00e4t 2012-2017 Fachbereich f\u00fcr Kieferorthop\u00e4die der Zahnmedizinischen Fakult\u00e4t der","breadcrumb":{"@id":"https:\/\/www.dentaglobal.com.tr\/de\/hekimler\/dds-phd-nazli-ulusoy\/#breadcrumb"},"inLanguage":"de","potentialAction":[{"@type":"ReadAction","target":["https:\/\/www.dentaglobal.com.tr\/de\/hekimler\/dds-phd-nazli-ulusoy\/"]}]},{"@type":"ImageObject","inLanguage":"de","@id":"https:\/\/www.dentaglobal.com.tr\/de\/hekimler\/dds-phd-nazli-ulusoy\/#primaryimage","url":"https:\/\/www.dentaglobal.com.tr\/wp-content\/uploads\/2024\/09\/nazli-ulusoy-ortodonti-uzmani_abd90.jpg","contentUrl":"https:\/\/www.dentaglobal.com.tr\/wp-content\/uploads\/2024\/09\/nazli-ulusoy-ortodonti-uzmani_abd90.jpg","width":667,"height":1000},{"@type":"BreadcrumbList","@id":"https:\/\/www.dentaglobal.com.tr\/de\/hekimler\/dds-phd-nazli-ulusoy\/#breadcrumb","itemListElement":[{"@type":"ListItem","position":1,"name":"Anasayfa","item":"https:\/\/www.dentaglobal.com.tr\/de\/"},{"@type":"ListItem","position":2,"name":"DDS. PhD. Nazl\u0131 Ulusoy"}]},{"@type":"WebSite","@id":"https:\/\/www.dentaglobal.com.tr\/de\/#website","url":"https:\/\/www.dentaglobal.com.tr\/de\/","name":"Dentaglobal","description":"","publisher":{"@id":"https:\/\/www.dentaglobal.com.tr\/de\/#organization"},"potentialAction":[{"@type":"SearchAction","target":{"@type":"EntryPoint","urlTemplate":"https:\/\/www.dentaglobal.com.tr\/de\/?s={search_term_string}"},"query-input":{"@type":"PropertyValueSpecification","valueRequired":true,"valueName":"search_term_string"}}],"inLanguage":"de"},{"@type":"Organization","@id":"https:\/\/www.dentaglobal.com.tr\/de\/#organization","name":"Dentaglobal","url":"https:\/\/www.dentaglobal.com.tr\/de\/","logo":{"@type":"ImageObject","inLanguage":"de","@id":"https:\/\/www.dentaglobal.com.tr\/de\/#\/schema\/logo\/image\/","url":"https:\/\/www.dentaglobal.com\/wp-content\/uploads\/2024\/10\/logo-en.png","contentUrl":"https:\/\/www.dentaglobal.com\/wp-content\/uploads\/2024\/10\/logo-en.png","width":343,"height":73,"caption":"Dentaglobal"},"image":{"@id":"https:\/\/www.dentaglobal.com.tr\/de\/#\/schema\/logo\/image\/"}}]}},"_links":{"self":[{"href":"https:\/\/www.dentaglobal.com.tr\/de\/wp-json\/wp\/v2\/hekimler\/2717","targetHints":{"allow":["GET"]}}],"collection":[{"href":"https:\/\/www.dentaglobal.com.tr\/de\/wp-json\/wp\/v2\/hekimler"}],"about":[{"href":"https:\/\/www.dentaglobal.com.tr\/de\/wp-json\/wp\/v2\/types\/hekimler"}],"wp:featuredmedia":[{"embeddable":true,"href":"https:\/\/www.dentaglobal.com.tr\/de\/wp-json\/wp\/v2\/media\/858"}],"wp:attachment":[{"href":"https:\/\/www.dentaglobal.com.tr\/de\/wp-json\/wp\/v2\/media?parent=2717"}],"curies":[{"name":"wp","href":"https:\/\/api.w.org\/{rel}","templated":true}]}}

DDS. PhD. Nazlı Ulusoy

<h3 class="wp-block-heading">Ausbildungszustand</h3>



<ul class="wp-block-list">
<li>2004-2009 Zahnmedizinische Fakultät der Ege Universität</li>



<li>2012-2017 Fachbereich für Kieferorthopädie der Zahnmedizinischen Fakultät der İzmir Kâtip Çelebi Universität</li>
</ul>



<h3 class="wp-block-heading">Berufliche Erfahrungen</h3>



<ul class="wp-block-list">
<li>2009-2010 Buca Private Poliklinik</li>



<li>2010-2012 Dental Private Klinik</li>



<li>2012-2017 Fachbereich für Kieferorthopädie der Zahnmedizinischen Fakultät der İzmir Kâtip Çelebi Universität</li>



<li>2017 - Dentaglobal Poliklinik für Mund- und Zahngesundheit, İzmir</li>
</ul>



<h3 class="wp-block-heading">Internationale Veröffentlichungen</h3>



<ul class="wp-block-list">
<li>Selcuk Savas, Nazli Candabakoglu, Ebru Kucukyilmaz , İlknur Veli. Management of incomplete transposition of mandibular lateral incisor using removable appliances: Two case reports. Journal of Pediatric Dentistry. 2014;2(3):105-109.</li>



<li>Aslı Baysal, Seher Nazlı Ulusoy, Tancan Uysal. Evaluation of enamel demineralization in adolescents after rapid maxillary expansion using the quantitative light-induced fluorescence method: A single-center, randomized controlled clinical trial. 2016;150(5):731-739.</li>
</ul>

<!-- This site is optimized with the Yoast SEO Premium plugin v24.1 (Yoast SEO v27.5) - https://yoast.com/product/yoast-seo-premium-wordpress/ -->
<title>DDS. PhD. Nazlı Ulusoy - Dentaglobal</title>
<meta name="description" content="Ausbildungszustand 2004-2009 Zahnmedizinische Fakultät der Ege Universität 2012-2017 Fachbereich für Kieferorthopädie der Zahnmedizinischen Fakultät der" />
<meta name="robots" content="index, follow, max-snippet:-1, max-image-preview:large, max-video-preview:-1" />
<link rel="canonical" href="https://www.dentaglobal.com.tr/de/hekimler/dds-phd-nazli-ulusoy/" />
<meta property="og:locale" content="de_DE" />
<meta property="og:type" content="article" />
<meta property="og:title" content="DDS. PhD. Nazlı Ulusoy" />
<meta property="og:description" content="Ausbildungszustand 2004-2009 Zahnmedizinische Fakultät der Ege Universität 2012-2017 Fachbereich für Kieferorthopädie der Zahnmedizinischen Fakultät der" />
<meta property="og:url" content="https://www.dentaglobal.com.tr/de/hekimler/dds-phd-nazli-ulusoy/" />
<meta property="og:site_name" content="Dentaglobal" />
<meta property="article:modified_time" content="2024-10-15T10:09:11+00:00" />
<meta property="og:image" content="https://www.dentaglobal.com.tr/wp-content/uploads/2024/09/nazli-ulusoy-ortodonti-uzmani_abd90.jpg" />
	<meta property="og:image:width" content="667" />
	<meta property="og:image:height" content="1000" />
	<meta property="og:image:type" content="image/jpeg" />
<meta name="twitter:card" content="summary_large_image" />
<meta name="twitter:label1" content="Geschätzte Lesezeit" />
	<meta name="twitter:data1" content="1 Minute" />
<script type="application/ld+json" class="yoast-schema-graph">{"@context":"https:\/\/schema.org","@graph":[{"@type":"WebPage","@id":"https:\/\/www.dentaglobal.com.tr\/de\/hekimler\/dds-phd-nazli-ulusoy\/","url":"https:\/\/www.dentaglobal.com.tr\/de\/hekimler\/dds-phd-nazli-ulusoy\/","name":"DDS. PhD. Nazlı Ulusoy - Dentaglobal","isPartOf":{"@id":"https:\/\/www.dentaglobal.com.tr\/de\/#website"},"primaryImageOfPage":{"@id":"https:\/\/www.dentaglobal.com.tr\/de\/hekimler\/dds-phd-nazli-ulusoy\/#primaryimage"},"image":{"@id":"https:\/\/www.dentaglobal.com.tr\/de\/hekimler\/dds-phd-nazli-ulusoy\/#primaryimage"},"thumbnailUrl":"https:\/\/www.dentaglobal.com.tr\/wp-content\/uploads\/2024\/09\/nazli-ulusoy-ortodonti-uzmani_abd90.jpg","datePublished":"2024-09-27T07:52:06+00:00","dateModified":"2024-10-15T10:09:11+00:00","description":"Ausbildungszustand 2004-2009 Zahnmedizinische Fakultät der Ege Universität 2012-2017 Fachbereich für Kieferorthopädie der Zahnmedizinischen Fakultät der","breadcrumb":{"@id":"https:\/\/www.dentaglobal.com.tr\/de\/hekimler\/dds-phd-nazli-ulusoy\/#breadcrumb"},"inLanguage":"de","potentialAction":[{"@type":"ReadAction","target":["https:\/\/www.dentaglobal.com.tr\/de\/hekimler\/dds-phd-nazli-ulusoy\/"]}]},{"@type":"ImageObject","inLanguage":"de","@id":"https:\/\/www.dentaglobal.com.tr\/de\/hekimler\/dds-phd-nazli-ulusoy\/#primaryimage","url":"https:\/\/www.dentaglobal.com.tr\/wp-content\/uploads\/2024\/09\/nazli-ulusoy-ortodonti-uzmani_abd90.jpg","contentUrl":"https:\/\/www.dentaglobal.com.tr\/wp-content\/uploads\/2024\/09\/nazli-ulusoy-ortodonti-uzmani_abd90.jpg","width":667,"height":1000},{"@type":"BreadcrumbList","@id":"https:\/\/www.dentaglobal.com.tr\/de\/hekimler\/dds-phd-nazli-ulusoy\/#breadcrumb","itemListElement":[{"@type":"ListItem","position":1,"name":"Anasayfa","item":"https:\/\/www.dentaglobal.com.tr\/de\/"},{"@type":"ListItem","position":2,"name":"DDS. PhD. Nazlı Ulusoy"}]},{"@type":"WebSite","@id":"https:\/\/www.dentaglobal.com.tr\/de\/#website","url":"https:\/\/www.dentaglobal.com.tr\/de\/","name":"Dentaglobal","description":"","publisher":{"@id":"https:\/\/www.dentaglobal.com.tr\/de\/#organization"},"potentialAction":[{"@type":"SearchAction","target":{"@type":"EntryPoint","urlTemplate":"https:\/\/www.dentaglobal.com.tr\/de\/?s={search_term_string}"},"query-input":{"@type":"PropertyValueSpecification","valueRequired":true,"valueName":"search_term_string"}}],"inLanguage":"de"},{"@type":"Organization","@id":"https:\/\/www.dentaglobal.com.tr\/de\/#organization","name":"Dentaglobal","url":"https:\/\/www.dentaglobal.com.tr\/de\/","logo":{"@type":"ImageObject","inLanguage":"de","@id":"https:\/\/www.dentaglobal.com.tr\/de\/#\/schema\/logo\/image\/","url":"https:\/\/www.dentaglobal.com\/wp-content\/uploads\/2024\/10\/logo-en.png","contentUrl":"https:\/\/www.dentaglobal.com\/wp-content\/uploads\/2024\/10\/logo-en.png","width":343,"height":73,"caption":"Dentaglobal"},"image":{"@id":"https:\/\/www.dentaglobal.com.tr\/de\/#\/schema\/logo\/image\/"}}]}</script>
<!-- / Yoast SEO Premium plugin. -->

DDS. PhD. Nazlı Ulusoy - Dentaglobal

Ausbildungszustand 2004-2009 Zahnmedizinische Fakultät der Ege Universität 2012-2017 Fachbereich für Kieferorthopädie der Zahnmedizinischen Fakultät der
